{"id":15591,"date":"2019-05-22T17:26:33","date_gmt":"2019-05-22T17:26:33","guid":{"rendered":"https:\/\/olasolar.com\/blog\/?page_id=15591"},"modified":"2021-04-07T10:57:03","modified_gmt":"2021-04-07T10:57:03","slug":"terciario","status":"publish","type":"page","link":"https:\/\/olasolar.com\/blog\/terciario\/","title":{"rendered":"Terciario"},"content":{"rendered":"<p>[vc_row css_animation=\u00bbelement_from_fade\u00bb row_type=\u00bbrow\u00bb use_row_as_full_screen_section=\u00bbno\u00bb type=\u00bbfull_width\u00bb angled_section=\u00bbno\u00bb text_align=\u00bbleft\u00bb background_image_as_pattern=\u00bbwithout_pattern\u00bb z_index=\u00bb\u00bb css=\u00bb.vc_custom_1558974456677{padding-top: 150px !important;padding-bottom: 150px !important;background-image: url(https:\/\/olasolar.com\/blog\/wp-content\/uploads\/2019\/05\/american-public-power-association-430868-unsplash-1024&#215;681.png?id=15911) !important;}\u00bb][vc_column][vc_column_text]<\/p>\n<h1 style=\"text-align: center;\">Terciario<\/h1>\n<p>[\/vc_column_text][\/vc_column][\/vc_row][vc_row css_animation=\u00bbelement_from_fade\u00bb row_type=\u00bbrow\u00bb use_row_as_full_screen_section=\u00bbno\u00bb type=\u00bbgrid\u00bb angled_section=\u00bbno\u00bb text_align=\u00bbleft\u00bb background_image_as_pattern=\u00bbwithout_pattern\u00bb z_index=\u00bb\u00bb][vc_column][vc_column_text css=\u00bb.vc_custom_1617792694123{margin-top: 80px !important;}\u00bb]Los paneles solares han demostrado ser eficientes y perfectos para generar energ\u00eda. Por este motivo, la energ\u00eda solar se est\u00e1 extendiendo a gran velocidad en los \u00faltimos tiempos en Espa\u00f1a.<\/p>\n<h2 class=\"title-heading-center\" style=\"text-align: center;\" data-fontsize=\"32\" data-lineheight=\"40\">\u00bfCU\u00c1LES SON SUS VENTAJAS?<\/h2>\n<p>[\/vc_column_text][\/vc_column][\/vc_row][vc_row css_animation=\u00bbelement_from_fade\u00bb row_type=\u00bbrow\u00bb use_row_as_full_screen_section=\u00bbno\u00bb type=\u00bbgrid\u00bb angled_section=\u00bbno\u00bb text_align=\u00bbleft\u00bb background_image_as_pattern=\u00bbwithout_pattern\u00bb z_index=\u00bb\u00bb][vc_column][vc_column_text]<strong>Importante ahorro energ\u00e9tico<\/strong>\u00a0 en las facturas mensuales de luz de la empresa. La inversi\u00f3n inicial en la instalaci\u00f3n de placas solares para empresas se puede amortizar r\u00e1pidamente, incluso en plazos inferiores a los 5 a\u00f1os.<\/p>\n<p><strong>Salud medioambiental<\/strong> y trato respetuoso con el medio ambiente, empleados y la sociedad. Todos lo agradecer\u00e1n y mejorar\u00e1 la imagen de la empresa. Adem\u00e1s, el compromiso con el medio ambiente le da un valor a\u00f1adido a la empresa.<\/p>\n<p><strong>Total independencia energ\u00e9tica <\/strong>con autoconsumo el\u00e9ctrico sin l\u00edmites. Todos los d\u00edas del a\u00f1o generar\u00e1 su propia energ\u00eda, incluso en d\u00edas nublados o en condiciones clim\u00e1ticas adversas como granizo o lluvia intensa. Tambi\u00e9n se consigue ser independiente de los precios que marquen los combustibles f\u00f3siles, al no depender de ellos la electricidad autogenerada con la instalaci\u00f3n.<\/p>\n<p><strong>Gran garant\u00eda<\/strong> de la instalaci\u00f3n con 25 a\u00f1os de garant\u00eda de componentes y m\u00e1s de 30 a\u00f1os de vida \u00fatil. A partir de los 30 a\u00f1os las placas solares no dejan de funcionar sino que la generaci\u00f3n comienza a bajar un 5% cada 5 a\u00f1os, por lo que podemos contar con nuestra instalaci\u00f3n fotovoltaica durante muchas d\u00e9cadas.[\/vc_column_text][vc_column_text]<\/p>\n<h3 class=\"title-heading-center\" style=\"text-align: center;\" data-fontsize=\"22\" data-lineheight=\"42\">C\u00d3MO FUNCIONA<\/h3>\n<p>[\/vc_column_text][vc_single_image image=\u00bb16201&#8243; img_size=\u00bblarge\u00bb alignment=\u00bbcenter\u00bb qode_css_animation=\u00bb\u00bb][vc_column_text]<\/p>\n<h2 class=\"title-heading-center texto-negro\" style=\"text-align: center;\" data-fontsize=\"32\" data-lineheight=\"40\">ABORDAMOS EL PROYECTO EN SU TOTALIDAD<\/h2>\n<p>[\/vc_column_text][\/vc_column][\/vc_row][vc_row row_type=\u00bbparallax\u00bb parallax_content_width=\u00bbfull_width\u00bb text_align=\u00bbleft\u00bb background_image=\u00bb15926&#8243; full_screen_section_height=\u00bbno\u00bb][vc_column][vc_single_image image=\u00bb16167&#8243; img_size=\u00bblarge\u00bb alignment=\u00bbcenter\u00bb qode_css_animation=\u00bb\u00bb css=\u00bb.vc_custom_1559476053912{margin-top: 50px !important;}\u00bb][\/vc_column][\/vc_row]<\/p>\n","protected":false},"excerpt":{"rendered":"<p>[vc_row css_animation=\u00bbelement_from_fade\u00bb row_type=\u00bbrow\u00bb use_row_as_full_screen_section=\u00bbno\u00bb type=\u00bbfull_width\u00bb angled_section=\u00bbno\u00bb text_align=\u00bbleft\u00bb background_image_as_pattern=\u00bbwithout_pattern\u00bb z_index=\u00bb\u00bb css=\u00bb.vc_custom_1558974456677{padding-top: 150px !important;padding-bottom: 150px !important;background-image: url(https:\/\/olasolar.com\/blog\/wp-content\/uploads\/2019\/05\/american-public-power-association-430868-unsplash-1024&#215;681.png?id=15911) !important;}\u00bb][vc_column][vc_column_text] Terciario [\/vc_column_text][\/vc_column][\/vc_row][vc_row css_animation=\u00bbelement_from_fade\u00bb row_type=\u00bbrow\u00bb use_row_as_full_screen_section=\u00bbno\u00bb type=\u00bbgrid\u00bb angled_section=\u00bbno\u00bb text_align=\u00bbleft\u00bb background_image_as_pattern=\u00bbwithout_pattern\u00bb z_index=\u00bb\u00bb][vc_column][vc_column_text css=\u00bb.vc_custom_1617792694123{margin-top: 80px !important;}\u00bb]Los paneles solares han demostrado ser eficientes y perfectos para generar energ\u00eda. Por este motivo, la energ\u00eda&#8230;<\/p>\n","protected":false},"author":1,"featured_media":0,"parent":0,"menu_order":0,"comment_status":"closed","ping_status":"closed","template":"full_width.php","meta":[],"_links":{"self":[{"href":"https:\/\/olasolar.com\/blog\/wp-json\/wp\/v2\/pages\/15591"}],"collection":[{"href":"https:\/\/olasolar.com\/blog\/wp-json\/wp\/v2\/pages"}],"about":[{"href":"https:\/\/olasolar.com\/blog\/wp-json\/wp\/v2\/types\/page"}],"author":[{"embeddable":true,"href":"https:\/\/olasolar.com\/blog\/wp-json\/wp\/v2\/users\/1"}],"replies":[{"embeddable":true,"href":"https:\/\/olasolar.com\/blog\/wp-json\/wp\/v2\/comments?post=15591"}],"version-history":[{"count":26,"href":"https:\/\/olasolar.com\/blog\/wp-json\/wp\/v2\/pages\/15591\/revisions"}],"predecessor-version":[{"id":16777,"href":"https:\/\/olasolar.com\/blog\/wp-json\/wp\/v2\/pages\/15591\/revisions\/16777"}],"wp:attachment":[{"href":"https:\/\/olasolar.com\/blog\/wp-json\/wp\/v2\/media?parent=15591"}],"curies":[{"name":"wp","href":"https:\/\/api.w.org\/{rel}","templated":true}]}}