{"id":15593,"date":"2019-05-22T17:26:45","date_gmt":"2019-05-22T17:26:45","guid":{"rendered":"https:\/\/olasolar.com\/blog\/?page_id=15593"},"modified":"2021-03-15T13:02:21","modified_gmt":"2021-03-15T13:02:21","slug":"agricultura-y-ganaderia","status":"publish","type":"page","link":"https:\/\/olasolar.com\/blog\/agricultura-y-ganaderia\/","title":{"rendered":"Agricultura y Ganader\u00eda"},"content":{"rendered":"<p>[vc_row css_animation=\u00bbelement_from_fade\u00bb row_type=\u00bbrow\u00bb use_row_as_full_screen_section=\u00bbno\u00bb type=\u00bbfull_width\u00bb angled_section=\u00bbno\u00bb text_align=\u00bbleft\u00bb background_image_as_pattern=\u00bbwithout_pattern\u00bb z_index=\u00bb\u00bb css=\u00bb.vc_custom_1559751344761{padding-top: 150px !important;padding-bottom: 150px !important;background-image: url(https:\/\/olasolar.com\/blog\/wp-content\/uploads\/2019\/06\/seccion-agrario.jpg?id=16333) !important;}\u00bb][vc_column][vc_column_text]<\/p>\n<h1 style=\"text-align: center;\">Agricultura y Ganader\u00eda<\/h1>\n<p>[\/vc_column_text][\/vc_column][\/vc_row][vc_row css_animation=\u00bbelement_from_fade\u00bb row_type=\u00bbrow\u00bb use_row_as_full_screen_section=\u00bbno\u00bb type=\u00bbgrid\u00bb angled_section=\u00bbno\u00bb text_align=\u00bbleft\u00bb background_image_as_pattern=\u00bbwithout_pattern\u00bb z_index=\u00bb\u00bb css=\u00bb.vc_custom_1615804607809{margin-bottom: 20px !important;}\u00bb][vc_column][vc_column_text css=\u00bb.vc_custom_1559923499717{margin-top: 80px !important;}\u00bb]<\/p>\n<h3 data-fontsize=\"37\" data-lineheight=\"49\"><strong>BOMBEO SOLAR<\/strong><\/h3>\n<p>Una instalaci\u00f3n de bombeo solar para sustituir sistemas existentes con generadores di\u00e9sel o gasolina conlleva una amortizaci\u00f3n de entre dos a tres a\u00f1os.<\/p>\n<p>Comunidades de regantes, cooperativas agr\u00edcolas, latifundios, vi\u00f1edos, olivares&#8230; son candidatos a cambiar el bombeo de agua de sus pozos a energ\u00eda solar.<\/p>\n<p>Tanto si se trata de bombeo solar directo como indirecto con acumulaci\u00f3n en dep\u00f3sito, el ahorro empieza el primer d\u00eda.<\/p>\n<p>Otra de las ventajas es que cuando menos precipitaciones hay, en verano, es cuando m\u00e1s abundancia de sol hay.<\/p>\n<p>El bombeo solar no necesita bater\u00edas ni red el\u00e9ctrica, funciona directamente desde las placas solares hacia la bomba del pozo a trav\u00e9s de un variador de frecuencia que har\u00e1 girar la bomba generando un caudal proporcional a la radiaci\u00f3n solar del momento.[\/vc_column_text][\/vc_column][\/vc_row][vc_row css_animation=\u00bbelement_from_fade\u00bb row_type=\u00bbrow\u00bb use_row_as_full_screen_section=\u00bbno\u00bb type=\u00bbfull_width\u00bb angled_section=\u00bbno\u00bb text_align=\u00bbcenter\u00bb background_image_as_pattern=\u00bbwithout_pattern\u00bb z_index=\u00bb\u00bb][vc_column][vc_column_text][\/vc_column_text][vc_single_image image=\u00bb16341&#8243; img_size=\u00bb900px\u00bb alignment=\u00bbcenter\u00bb qode_css_animation=\u00bb\u00bb][\/vc_column][\/vc_row][vc_row css_animation=\u00bb\u00bb row_type=\u00bbrow\u00bb use_row_as_full_screen_section=\u00bbno\u00bb type=\u00bbgrid\u00bb angled_section=\u00bbno\u00bb text_align=\u00bbleft\u00bb background_image_as_pattern=\u00bbwithout_pattern\u00bb z_index=\u00bb\u00bb css=\u00bb.vc_custom_1615804626146{margin-bottom: 50px !important;}\u00bb][vc_column css=\u00bb.vc_custom_1559923572053{padding-top: 50px !important;}\u00bb][vc_column_text]<\/p>\n<h3 style=\"text-align: left;\" data-fontsize=\"32\" data-lineheight=\"40\"><strong>GRANJAS<\/strong><\/h3>\n<p>Algunas industrias agropecuarias tienen un consumo energ\u00e9tico por requerimientos ventilaci\u00f3n y temperatura adecuados para la buena salud de los animales.<\/p>\n<p>Todav\u00eda una buena parte de la demanda de energ\u00eda en estas instalaciones\u00a0 se ve satisfecha con generadores de di\u00e9sel al no llegar el suministro el\u00e9ctrico, o en caso de llegar el mismo, puede sufrir cortes o ser caro en comparaci\u00f3n con el coste que tendr\u00eda generado con energ\u00eda solar.<\/p>\n<p>La energ\u00eda solar fotovoltaica en instalaciones agropecuarias, en caso de ser instalada en el techo de las granjas, ayuda en verano a aislar las altas temperaturas del exterior.<\/p>\n<p>Cont\u00e1ctanos, com\u00e9ntanos tu caso y te asesoramos con la instalaci\u00f3n que mejor se adapte a tus necesidades.[\/vc_column_text][\/vc_column][\/vc_row]<\/p>\n","protected":false},"excerpt":{"rendered":"<p>[vc_row css_animation=\u00bbelement_from_fade\u00bb row_type=\u00bbrow\u00bb use_row_as_full_screen_section=\u00bbno\u00bb type=\u00bbfull_width\u00bb angled_section=\u00bbno\u00bb text_align=\u00bbleft\u00bb background_image_as_pattern=\u00bbwithout_pattern\u00bb z_index=\u00bb\u00bb css=\u00bb.vc_custom_1559751344761{padding-top: 150px !important;padding-bottom: 150px !important;background-image: url(https:\/\/olasolar.com\/blog\/wp-content\/uploads\/2019\/06\/seccion-agrario.jpg?id=16333) !important;}\u00bb][vc_column][vc_column_text] Agricultura y Ganader\u00eda [\/vc_column_text][\/vc_column][\/vc_row][vc_row css_animation=\u00bbelement_from_fade\u00bb row_type=\u00bbrow\u00bb use_row_as_full_screen_section=\u00bbno\u00bb type=\u00bbgrid\u00bb angled_section=\u00bbno\u00bb text_align=\u00bbleft\u00bb background_image_as_pattern=\u00bbwithout_pattern\u00bb z_index=\u00bb\u00bb css=\u00bb.vc_custom_1615804607809{margin-bottom: 20px !important;}\u00bb][vc_column][vc_column_text css=\u00bb.vc_custom_1559923499717{margin-top: 80px !important;}\u00bb] BOMBEO SOLAR Una instalaci\u00f3n de bombeo solar para sustituir sistemas existentes&#8230;<\/p>\n","protected":false},"author":1,"featured_media":0,"parent":0,"menu_order":0,"comment_status":"closed","ping_status":"closed","template":"full_width.php","meta":[],"_links":{"self":[{"href":"https:\/\/olasolar.com\/blog\/wp-json\/wp\/v2\/pages\/15593"}],"collection":[{"href":"https:\/\/olasolar.com\/blog\/wp-json\/wp\/v2\/pages"}],"about":[{"href":"https:\/\/olasolar.com\/blog\/wp-json\/wp\/v2\/types\/page"}],"author":[{"embeddable":true,"href":"https:\/\/olasolar.com\/blog\/wp-json\/wp\/v2\/users\/1"}],"replies":[{"embeddable":true,"href":"https:\/\/olasolar.com\/blog\/wp-json\/wp\/v2\/comments?post=15593"}],"version-history":[{"count":38,"href":"https:\/\/olasolar.com\/blog\/wp-json\/wp\/v2\/pages\/15593\/revisions"}],"predecessor-version":[{"id":16643,"href":"https:\/\/olasolar.com\/blog\/wp-json\/wp\/v2\/pages\/15593\/revisions\/16643"}],"wp:attachment":[{"href":"https:\/\/olasolar.com\/blog\/wp-json\/wp\/v2\/media?parent=15593"}],"curies":[{"name":"wp","href":"https:\/\/api.w.org\/{rel}","templated":true}]}}